ainder when y is divided by 13.
12
Let c be (8/(-5))/(4/(-10)). Suppose -j + c = j. Suppose 0 = -5*y + j*y - f + 8, 5*f + 12 = -2*y. Calculate the remainder when 7 is divided by y.
3
Let l = 1 - -12. What is the remainder when l is divided by 5?
3
Let x(z) = -7*z - 177. Suppose -3*k = -3 - 12. Suppose w - 13 = -2*m + 6, -k*w = -5*m + 40. What is the remainder when x(-29) is divided by m?
8
Let w(k) = -k**2 + 12*k - 19. Suppose -n = -0*n - 3. What is the remainder when w(9) is divided by n?
2
Let k(b) = -3*b**3 + 2*b - 1. Let v = -6 + 2. Let p = v - -2. Calculate the remainder when k(p) is divided by 5.
4
Let r be (6/3)/((-4)/(-10)). Suppose -5*s - 20 = -r*u, 6*u - 36 = 3*u - 5*s. What is the remainder when u is divided by 3?
1
Let d = 120 - 114. Calculate the remainder when d is divided by 3.
0
Suppose -n - l = -1 + 4, 5*n - 3*l = 25. Let j(i) = -i - 1. Let v = -1 + -1. Calculate the remainder when n is divided by j(v).
0
Let g = -25 + 22. What is the remainder when (-429)/22*4/g is divided by 10?
6
Let i(x) = -2*x - 7. Let r be i(-6). Suppose -r*g = 4*o - 0*o - 46, 2*o = -3*g + 22. Calculate the remainder when o is divided by 5/(-2)*(-2 - 0).
4
Suppose -5*f = 10 + 5. Calculate the remainder when 1 is divided by f/(-2) - 2/4.
0
Suppose 4*b - 5*b + 24 = 0. Suppose 3*f = -f + 12. What is the remainder when b is divided by (1 - f)*(-26)/4?
11
Calculate the remainder when 29 is divided by 2 - ((2 - 8) + 5).
2
Let g = -17 - -28. Let n(v) = v**2 + 5. What is the remainder when n(-4) is divided by g?
10
Suppose s - 24 = -5. Let l(c) = -c**2 + c + 5. What is the remainder when s is divided by l(0)?
4
Suppose -282 = -3*o + 5*g + 108, -5*g = -4*o + 520. What is the remainder when o is divided by 33?
31
Suppose g - 60 = -2*d + 66, d - 68 = -3*g. Calculate the remainder when d is divided by 18.
8
Let t(h) = h**2 + 5*h + 2. Suppose 3*n - 4*n - 2*o + 25 = 0, 4*n = -5*o + 97. Let z = 15 - n. What is the remainder when t(z) is divided by 7?
5
Calculate the remainder when (12/12)/((-2)/(-88)) is divided by 16.
12
Let h(a) = -a**2 - 7*a + 14. Calculate the remainder when 77 is divided by h(0).
7
What is the remainder when (-3 + 0)/(9/771*-1) is divided by 37?
35
Let r = -12 - -27. Suppose -r = 4*m + m, 4*t + 4*m - 76 = 0. Suppose -31 = -5*y + 4*i + 196, 5*y - 209 = -2*i. Calculate the remainder when y is divided by t.
21
Let j be ((-3)/(-2))/((-3)/(-4)). Let f = j - -1. What is the remainder when 9 is divided by f?
0
Suppose 64 = 21*c - 230. Suppose -2*l = -3*z - 45, 5*l - 5 = z + l. Calculate the remainder when c is divided by z/(-3) + 2/(-3).
4
Let z(m) = m**2 + 12*m + 29. What is the remainder when z(-12) is divided by 10?
9
Suppose 6 = -3*c + 5*c. Suppose -7*x = -c*x - 28. Suppose 21 - 2 = g. What is the remainder when g is divided by x?
5
Suppose -f + 3*j + 159 = 4*f, 0 = 2*f - 4*j - 72. What is the remainder when f is divided by 8?
6
Suppose -3*b = -4*b + 4*g + 3, -4*g - 16 = 0. Suppose 9 = -5*y + 104. Let x = y + b. Calculate the remainder when 16 is divided by x.
4
Let f(o) = 2*o - 7. What is the remainder when f(8) is divided by 4?
1
Calculate the remainder when 66*(-12)/(-18) + 0 is divided by 9.
8
Suppose -4*g + 90 = -5*b + 33, g = b + 12. Let z = 17 + b. Calculate the remainder when 14 is divided by z.
6
Suppose 2*u + 4 = h, -4*h - 3*u = 2 - 18. Suppose 5*a - t - 106 = 0, -2*a + 37 = h*t + t. Calculate the remainder when a is divided by 11.
10
Suppose j + 2*m - 29 = 0, -j = m - 5*m - 5. Calculate the remainder when j is divided by 18/(1 + 1/2).
9
Let g be (-10)/4*18/15. Let d be (g/4)/((-5)/20). Suppose 0 = -2*p - d*b + 10 - 0, 0 = -2*p + 2*b. What is the remainder when p is divided by 1?
0
Suppose 3*g - 3*a + 7*a = 462, 0 = -3*g - 2*a + 456. What is the remainder when g is divided by 38?
36
Suppose -2*c + 6 = 2. Suppose 3 = j - 1, 3*j = -l + 14. Suppose -l*q + c = -24. What is the remainder when 24 is divided by q?
11
Let y(p) = 8*p**2 + 9*p + 15. Let g(v) = -3*v**2 - 3*v - 5. Let z(k) = -11*g(k) - 4*y(k). What is the remainder when 24 is divided by z(6)?
11
Let i(h) = -11*h + 31 + 10*h - h**2 + 3*h**2 - 3*h**2. Calculate the remainder when 60 is divided by i(0).
29
Suppose -7 - 42 = -n. Let d(b) = 18*b**2 - 3*b - 2. What is the remainder when n is divided by d(1)?
10
Suppose 2*c - 5*d - 327 = 0, 3*d + 619 = 4*c - 0*d. Calculate the remainder when c is divided by 19.
18
Suppose -v + 5*v + 2*a = 152, v - 3*a = 45. Let d = 33 + -23. What is the remainder when v is divided by d?
9
Suppose -t = -2*q + 4*q - 41, 164 = 4*t - 5*q. Suppose -4*j - 9 = -t. Calculate the remainder when 14 is divided by j.
6
Calculate the remainder when 55 is divided by (-2)/(-8) - 1027/(-52).
15
Suppose 5*f + 3*o = 12, -5*f + o + 20 = -4*o. Calculate the remainder when (1/f)/((-1)/(-123)) is divided by (22/(-8) + 2)*-28.
20
What is the remainder when 2/7 - (-584)/14 is divided by 22?
20
Suppose b - 6*b + 45 = 0. Let r = b - -6. Suppose 0 = -4*n - s + 117, s - 45 = -n - 12. What is the remainder when n is divided by r?
13
Calculate the remainder when 5 is divided by 3 + 2 - 3/1.
1
Calculate the remainder when (21/(-14))/(-4 - (-1850)/464) is divided by 40.
36
Let j(m) = 2*m**2 + m - 1. Suppose -6*s - 4*n + 56 = -2*s, n = -5. Calculate the remainder when s is divided by j(-2).
4
Let d(v) = -v**3 - 6*v**2 + 7*v - 1. Let q be d(-7). Suppose -13 - 3 = -b. Calculate the remainder when (-1 + q - -49)*1 is divided by b.
15
Let f = -10 - -28. Calculate the remainder when 51 is divided by f.
15
Let j = -24 + 52. Let b = -4 + 19. Calculate the remainder when j is divided by b.
13
Let k = 4 + 25. What is the remainder when k is divided by 15?
14
Suppose -4*k = 8 - 24. Suppose -17 - 39 = -k*g. Calculate the remainder when 40 is divided by g.
12
Let p be -4*(-3)/(-6)*-29. Let z = -32 + p. Let f = -22 - -31. What is the remainder when z is divided by f?
8
Suppose -5*a = 5*x - a - 14, -3*x - 3*a = -9. Let w(t) = 14*t - 2. Calculate the remainder when 49 is divided by w(x).
23
Suppose -84 = -9*l + 15. What is the remainder when 73 is divided by l?
7
Suppose -3*y - 2*y + 20 = 5*d, 0 = d. Let u(p) = -6*p + 4 + 3*p**2 - 2 - y*p**2. What is the remainder when 3 is divided by u(-6)?
1
Let x = 12 - 4. Let r(c) = 2*c - 2*c - 3 + 3*c. What is the remainder when x is divided by r(2)?
2
Suppose 3*f - 25 = 20. Calculate the remainder when 25 is divided by f/(-10) + 17/2.
4
Suppose -4*u = -4*h + 44, 5*h - 2*u - 90 = -4*u. Calculate the remainder when 62 is divided by h.
14
Let w = 147 + -107. Calculate the remainder when 77 is divided by w.
37
Calculate the remainder when 16/((-2 + -1)/(-6)) is divided by 18.
14
Suppose 0 = 3*q - 2*u - 55, -1 = u + 1. What is the remainder when q is divided by 3?
2
Let v = 9 + 10. What is the remainder when 56 is divided by v?
18
Suppose -f = 16*f - 2142. Calculate the remainder when f is divided by 32.
30
Let z = -2 - -16. Let q(g) = -2*g + 3. What is the remainder when q(-8) is divided by 4/(-2) - (2 - z)?
9
Let f = 17 + -77. Let s = f - -101. Calculate the remainder when s is divided by 14.
13
What is the remainder when 22 is divided by (-4)/6*(3 + -18)?
2
Let b = -4 - -34. Let g = b + -16. Calculate the remainder when 27 is divided by g.
13
Suppose 0 = 3*n - 3*x + 9, -x = n - 5*x + 18. Suppose -7*a + n*a + 35 = 0. Calculate the remainder when 13 is divided by a.
6
Let r = 15 + 0. Suppose -s + u = -13 + 5, -2*s + r = -3*u. Suppose 0 = -2*j + 37 + 31. Calculate the remainder when j is divided by s.
7
Let r = 40 + -23. Calculate the remainder when 67 is divided by r.
16
What is the remainder when ((-45)/20)/((-3)/36) is divided by 10?
7
Let p = 2 - -1. Suppose 10 = 5*z - p*z. What is the remainder when 13 is divided by z?
3
Suppose -a - 2*a + v = -8, -4*v = -a + 10. Suppose 6 = 2*w - 0*w - h, -a*w + 2 = -3*h. Calculate the remainder when 10 is divided by w.
2
Suppose -3*s - 3*z = 43 - 1543, -4*s + 2015 = z. Suppose -109 = 3*h - w - 412, 5*h = 5*w + s. Let f = h - 72. Calculate the remainder when f is divided by 15.
14
Suppose -f + 21 = -17. Let j(a) = a**2 + 9*a - 3. Let s be j(-10). Let r = 6 + s. What is the remainder when f is divided by r?
12
Suppose 0 = -6*y + 107 + 97. Calculate the remainder when y is divided by 9.
7
Suppose 2*p - 22 = -2. Calculate the rema